{"id":122373,"date":"2025-09-08T13:13:23","date_gmt":"2025-09-08T12:13:23","guid":{"rendered":"https:\/\/www.soleada.no\/eiendom\/precioso-atico-en-el-centro-de-torrevieja-con-gran-terraza-soleada\/"},"modified":"2025-09-08T13:13:23","modified_gmt":"2025-09-08T12:13:23","slug":"precioso-atico-en-el-centro-de-torrevieja-con-gran-terraza-soleada","status":"publish","type":"estate_property","link":"https:\/\/www.soleada.no\/es\/eiendom\/precioso-atico-en-el-centro-de-torrevieja-con-gran-terraza-soleada\/","title":{"rendered":"Precioso \u00e1tico en el centro de Torrevieja con gran terraza soleada"},"content":{"rendered":"<p><strong>\u00c1tico en el centro de Torrevieja con gran terraza soleada y plaza de aparcamiento privada en garaje comunitario.<\/strong><\/p>\n<p>El apartamento est\u00e1 situado en la \u00faltima planta y tiene una gran terraza soleada con mucho espacio para mesas, sillas y tumbonas. Tanto el sal\u00f3n como el dormitorio principal tienen acceso directo a la terraza. El sal\u00f3n es acogedor y luminoso, con un sof\u00e1 cama y una zona de comedor para recibir a amigos y familiares. La cocina est\u00e1 totalmente equipada con electrodom\u00e9sticos y utensilios de cocina. Ambos dormitorios son amplios y tienen armarios empotrados. El aire acondicionado con refrigeraci\u00f3n y calefacci\u00f3n en todas las habitaciones garantiza su confort durante todo el a\u00f1o.      <\/p>\n<p>Se incluye una plaza de aparcamiento privada en el garaje comunitario y hay ascensor hasta el apartamento. El apartamento tambi\u00e9n tiene acceso a una azotea comunitaria con hermosas vistas y espacio adicional en la terraza. El edificio fue construido en 2010.   <\/p>\n<p>Este \u00e1tico est\u00e1 situado en un edificio de apartamentos c\u00e9ntrico, a solo 3 minutos a pie de la estaci\u00f3n de autobuses, lo que facilita el viaje al aeropuerto y a otras regiones. Adem\u00e1s, estar\u00e1 rodeado de una amplia variedad de restaurantes y a solo 5 minutos de todo tipo de tiendas. La playa y el paseo mar\u00edtimo est\u00e1n a un corto paseo de 8-10 minutos, \u00a1perfecto para disfrutar del clima mediterr\u00e1neo!  <\/p>\n<p><strong>Queremos destacar: <\/strong><\/p>\n<ul>\n<li>Gran terraza<\/li>\n<li>Plaza de garaje privada<\/li>\n<li>Ascensor<\/li>\n<li>Ubicaci\u00f3n c\u00e9ntrica<\/li>\n<li>A poca distancia de tiendas, restaurantes y playa<\/li>\n<li>Buena conexi\u00f3n con el autob\u00fas<\/li>\n<li>Muebles y electrodom\u00e9sticos incluidos<\/li>\n<li>Aire acondicionado en todas las habitaciones<\/li>\n<\/ul>\n<p><strong>No se pierda este fant\u00e1stico \u00e1tico. P\u00f3ngase en contacto con nosotros para obtener m\u00e1s informaci\u00f3n y concertar una visita <\/strong><\/p>\n","protected":false},"excerpt":{"rendered":"<p>\u00c1tico en el centro de Torrevieja con gran terraza soleada y plaza de aparcamiento privada en garaje comunitario. El apartamento est\u00e1 situado en la \u00faltima planta y tiene una gran terraza soleada con mucho espacio para mesas, sillas y tumbonas. Tanto el sal\u00f3n como el dormitorio principal tienen acceso directo a la terraza. El sal\u00f3n es acogedor y luminoso, con un sof\u00e1 cama y &#8230;<\/p>\n","protected":false},"featured_media":122274,"comment_status":"open","ping_status":"closed","template":"","property_category":[327],"property_action_category":[333],"property_city":[400],"property_area":[],"property_county_state":[466],"property_features":[472,426,489,488,439,434],"property_status":[526],"class_list":["post-122373","estate_property","type-estate_property","status-publish","has-post-thumbnail","hentry","property_category-apartamento","property_action_category-segunda-mano","property_city-torrevieja-es","property_county_state-costa-blanca-sur","property_features-amueblado","property_features-ascensor","property_features-mediodia","property_features-tarde","property_features-terraza","property_features-totalmente-equipado","property_status-solgt-es"],"_links":{"self":[{"href":"https:\/\/www.soleada.no\/es\/wp-json\/wp\/v2\/estate_property\/122373","targetHints":{"allow":["GET"]}}],"collection":[{"href":"https:\/\/www.soleada.no\/es\/wp-json\/wp\/v2\/estate_property"}],"about":[{"href":"https:\/\/www.soleada.no\/es\/wp-json\/wp\/v2\/types\/estate_property"}],"replies":[{"embeddable":true,"href":"https:\/\/www.soleada.no\/es\/wp-json\/wp\/v2\/comments?post=122373"}],"wp:featuredmedia":[{"embeddable":true,"href":"https:\/\/www.soleada.no\/es\/wp-json\/wp\/v2\/media\/122274"}],"wp:attachment":[{"href":"https:\/\/www.soleada.no\/es\/wp-json\/wp\/v2\/media?parent=122373"}],"wp:term":[{"taxonomy":"property_category","embeddable":true,"href":"https:\/\/www.soleada.no\/es\/wp-json\/wp\/v2\/property_category?post=122373"},{"taxonomy":"property_action_category","embeddable":true,"href":"https:\/\/www.soleada.no\/es\/wp-json\/wp\/v2\/property_action_category?post=122373"},{"taxonomy":"property_city","embeddable":true,"href":"https:\/\/www.soleada.no\/es\/wp-json\/wp\/v2\/property_city?post=122373"},{"taxonomy":"property_area","embeddable":true,"href":"https:\/\/www.soleada.no\/es\/wp-json\/wp\/v2\/property_area?post=122373"},{"taxonomy":"property_county_state","embeddable":true,"href":"https:\/\/www.soleada.no\/es\/wp-json\/wp\/v2\/property_county_state?post=122373"},{"taxonomy":"property_features","embeddable":true,"href":"https:\/\/www.soleada.no\/es\/wp-json\/wp\/v2\/property_features?post=122373"},{"taxonomy":"property_status","embeddable":true,"href":"https:\/\/www.soleada.no\/es\/wp-json\/wp\/v2\/property_status?post=122373"}],"curies":[{"name":"wp","href":"https:\/\/api.w.org\/{rel}","templated":true}]}}

Precioso ático en el centro de Torrevieja con gran terraza soleada

<p><strong>Ático en el centro de Torrevieja con gran terraza soleada y plaza de aparcamiento privada en garaje comunitario.</strong></p>
<p>El apartamento está situado en la última planta y tiene una gran terraza soleada con mucho espacio para mesas, sillas y tumbonas. Tanto el salón como el dormitorio principal tienen acceso directo a la terraza. El salón es acogedor y luminoso, con un sofá cama y una zona de comedor para recibir a amigos y familiares. La cocina está totalmente equipada con electrodomésticos y utensilios de cocina. Ambos dormitorios son amplios y tienen armarios empotrados. El aire acondicionado con refrigeración y calefacción en todas las habitaciones garantiza su confort durante todo el año.      </p>
<p>Se incluye una plaza de aparcamiento privada en el garaje comunitario y hay ascensor hasta el apartamento. El apartamento también tiene acceso a una azotea comunitaria con hermosas vistas y espacio adicional en la terraza. El edificio fue construido en 2010.   </p>
<p>Este ático está situado en un edificio de apartamentos céntrico, a solo 3 minutos a pie de la estación de autobuses, lo que facilita el viaje al aeropuerto y a otras regiones. Además, estará rodeado de una amplia variedad de restaurantes y a solo 5 minutos de todo tipo de tiendas. La playa y el paseo marítimo están a un corto paseo de 8-10 minutos, ¡perfecto para disfrutar del clima mediterráneo!  </p>
<p><strong>Queremos destacar: </strong></p>
<ul>
<li>Gran terraza</li>
<li>Plaza de garaje privada</li>
<li>Ascensor</li>
<li>Ubicación céntrica</li>
<li>A poca distancia de tiendas, restaurantes y playa</li>
<li>Buena conexión con el autobús</li>
<li>Muebles y electrodomésticos incluidos</li>
<li>Aire acondicionado en todas las habitaciones</li>
</ul>
<p><strong>No se pierda este fantástico ático. Póngase en contacto con nosotros para obtener más información y concertar una visita </strong></p>

<p>Ático en el centro de Torrevieja con gran terraza soleada y plaza de aparcamiento privada en garaje comunitario. El apartamento está situado en la última planta y tiene una gran terraza soleada con mucho espacio para mesas, sillas y tumbonas. Tanto el salón como el dormitorio principal tienen acceso directo a la terraza. El salón es acogedor y luminoso, con un sofá cama y &#8230;</p>
