{"id":68904,"date":"2022-09-26T14:33:04","date_gmt":"2022-09-26T13:33:04","guid":{"rendered":"https:\/\/www.soleada.no\/eiendom\/attraktiv-toppleilighet-i-alicante-by\/"},"modified":"2023-03-24T13:49:58","modified_gmt":"2023-03-24T12:49:58","slug":"attraktiv-toppleilighet-i-alicante-by","status":"publish","type":"estate_property","link":"https:\/\/www.soleada.no\/es\/eiendom\/attraktiv-toppleilighet-i-alicante-by\/","title":{"rendered":"Atractivo \u00e1tico en Alicante ciudad"},"content":{"rendered":"\n<p>\u00c1tico a menos de 5 minutos andando del centro de Alicante. El apartamento tiene 2 dormitorios, una amplia cocina, un ba\u00f1o y un amplio sal\u00f3n con un gran ventanal corredero que aporta mucha luz a la casa. Este era originalmente un apartamento de 3 dormitorios, pero la sala de estar se ha ampliado. El apartamento tiene una gran terraza descubierta con toldo.<\/p>\n\n\n\n<p>Despu\u00e9s de tomar las fotos, se instal\u00f3 el aire acondicionado y se reemplaz\u00f3 el sof\u00e1 y la nevera.<\/p>\n\n\n\n<p>El apartamento se ha alquilado en los \u00faltimos a\u00f1os y es una propiedad de alquiler atractiva.<\/p>\n","protected":false},"excerpt":{"rendered":"<p>\u00c1tico a menos de 5 minutos andando del centro de Alicante. El apartamento tiene 2 dormitorios, una amplia cocina, un ba\u00f1o y un amplio sal\u00f3n con un gran ventanal corredero que aporta mucha luz a la casa. Este era originalmente un apartamento de 3 dormitorios, pero la sala de estar se ha ampliado. El apartamento tiene una gran terraza descubierta con toldo. Despu\u00e9s de &#8230;<\/p>\n","protected":false},"featured_media":68873,"comment_status":"open","ping_status":"closed","template":"","property_category":[327],"property_action_category":[333],"property_city":[338],"property_area":[],"property_county_state":[466],"property_features":[459,470,471,458,482,439,447,491],"property_status":[526],"class_list":["post-68904","estate_property","type-estate_property","status-publish","has-post-thumbnail","hentry","property_category-apartamento","property_action_category-segunda-mano","property_city-alicante-es","property_county_state-costa-blanca-sur","property_features-electrodomesticos","property_features-muebles","property_features-parcialmente-amueblado","property_features-parcialmente-equipado","property_features-sol-en-terraza-jardin","property_features-terraza","property_features-todo-el-dia","property_features-zona-exterior","property_status-solgt-es"],"_links":{"self":[{"href":"https:\/\/www.soleada.no\/es\/wp-json\/wp\/v2\/estate_property\/68904","targetHints":{"allow":["GET"]}}],"collection":[{"href":"https:\/\/www.soleada.no\/es\/wp-json\/wp\/v2\/estate_property"}],"about":[{"href":"https:\/\/www.soleada.no\/es\/wp-json\/wp\/v2\/types\/estate_property"}],"replies":[{"embeddable":true,"href":"https:\/\/www.soleada.no\/es\/wp-json\/wp\/v2\/comments?post=68904"}],"wp:featuredmedia":[{"embeddable":true,"href":"https:\/\/www.soleada.no\/es\/wp-json\/wp\/v2\/media\/68873"}],"wp:attachment":[{"href":"https:\/\/www.soleada.no\/es\/wp-json\/wp\/v2\/media?parent=68904"}],"wp:term":[{"taxonomy":"property_category","embeddable":true,"href":"https:\/\/www.soleada.no\/es\/wp-json\/wp\/v2\/property_category?post=68904"},{"taxonomy":"property_action_category","embeddable":true,"href":"https:\/\/www.soleada.no\/es\/wp-json\/wp\/v2\/property_action_category?post=68904"},{"taxonomy":"property_city","embeddable":true,"href":"https:\/\/www.soleada.no\/es\/wp-json\/wp\/v2\/property_city?post=68904"},{"taxonomy":"property_area","embeddable":true,"href":"https:\/\/www.soleada.no\/es\/wp-json\/wp\/v2\/property_area?post=68904"},{"taxonomy":"property_county_state","embeddable":true,"href":"https:\/\/www.soleada.no\/es\/wp-json\/wp\/v2\/property_county_state?post=68904"},{"taxonomy":"property_features","embeddable":true,"href":"https:\/\/www.soleada.no\/es\/wp-json\/wp\/v2\/property_features?post=68904"},{"taxonomy":"property_status","embeddable":true,"href":"https:\/\/www.soleada.no\/es\/wp-json\/wp\/v2\/property_status?post=68904"}],"curies":[{"name":"wp","href":"https:\/\/api.w.org\/{rel}","templated":true}]}}

Atractivo ático en Alicante ciudad

<p>Ático a menos de 5 minutos andando del centro de Alicante. El apartamento tiene 2 dormitorios, una amplia cocina, un baño y un amplio salón con un gran ventanal corredero que aporta mucha luz a la casa. Este era originalmente un apartamento de 3 dormitorios, pero la sala de estar se ha ampliado. El apartamento tiene una gran terraza descubierta con toldo.</p>



<p>Después de tomar las fotos, se instaló el aire acondicionado y se reemplazó el sofá y la nevera.</p>



<p>El apartamento se ha alquilado en los últimos años y es una propiedad de alquiler atractiva.</p>

<p>Ático a menos de 5 minutos andando del centro de Alicante. El apartamento tiene 2 dormitorios, una amplia cocina, un baño y un amplio salón con un gran ventanal corredero que aporta mucha luz a la casa. Este era originalmente un apartamento de 3 dormitorios, pero la sala de estar se ha ampliado. El apartamento tiene una gran terraza descubierta con toldo. Después de &#8230;</p>
