{"id":90298,"date":"2024-05-22T15:18:58","date_gmt":"2024-05-22T14:18:58","guid":{"rendered":"https:\/\/www.soleada.no\/eiendom\/atico-mas-nuevo-con-terraza-en-la-azotea\/"},"modified":"2024-05-22T15:18:58","modified_gmt":"2024-05-22T14:18:58","slug":"atico-mas-nuevo-con-terraza-en-la-azotea","status":"publish","type":"estate_property","link":"https:\/\/www.soleada.no\/es\/eiendom\/atico-mas-nuevo-con-terraza-en-la-azotea\/","title":{"rendered":"\u00c1tico m\u00e1s nuevo con terraza en la azotea"},"content":{"rendered":"<p>Moderno \u00e1tico con azotea privada y plaza de garaje.  <\/p>\n<p>El apartamento tiene una buena distribuci\u00f3n di\u00e1fana entre la cocina y el sal\u00f3n y dos amplios dormitorios. El dormitorio principal tiene ba\u00f1o en suite. Desde el sal\u00f3n hay acceso directo a la terraza, donde tambi\u00e9n hay escaleras que suben a la azotea privada. El apartamento tambi\u00e9n dispone de aparcamiento privado en el garaje.  <\/p>\n<p>El complejo dispone de una zona comunitaria cerrada con zonas verdes y piscina. Hay una buena selecci\u00f3n de tiendas, restaurantes y bares cerca.  <\/p>\n","protected":false},"excerpt":{"rendered":"<p>Moderno \u00e1tico con azotea privada y plaza de garaje. El apartamento tiene una buena distribuci\u00f3n di\u00e1fana entre la cocina y el sal\u00f3n y dos amplios dormitorios. El dormitorio principal tiene ba\u00f1o en suite. Desde el sal\u00f3n hay acceso directo a la terraza, donde tambi\u00e9n hay escaleras que suben a la azotea privada. El apartamento tambi\u00e9n dispone de aparcamiento privado en el garaje. El complejo &#8230;<\/p>\n","protected":false},"featured_media":90210,"comment_status":"open","ping_status":"closed","template":"","property_category":[327],"property_action_category":[333],"property_city":[376],"property_area":[],"property_county_state":[466],"property_features":[438,468,454,440,427,448,447,429],"property_status":[],"class_list":["post-90298","estate_property","type-estate_property","status-publish","has-post-thumbnail","hentry","property_category-apartamento","property_action_category-segunda-mano","property_city-orihuela-costa-es","property_county_state-costa-blanca-sur","property_features-cercado","property_features-jardin-comunal","property_features-no-equipada","property_features-piscina-comunitaria","property_features-sin-amueblar","property_features-solarium","property_features-todo-el-dia","property_features-vista-abierta"],"_links":{"self":[{"href":"https:\/\/www.soleada.no\/es\/wp-json\/wp\/v2\/estate_property\/90298","targetHints":{"allow":["GET"]}}],"collection":[{"href":"https:\/\/www.soleada.no\/es\/wp-json\/wp\/v2\/estate_property"}],"about":[{"href":"https:\/\/www.soleada.no\/es\/wp-json\/wp\/v2\/types\/estate_property"}],"replies":[{"embeddable":true,"href":"https:\/\/www.soleada.no\/es\/wp-json\/wp\/v2\/comments?post=90298"}],"wp:featuredmedia":[{"embeddable":true,"href":"https:\/\/www.soleada.no\/es\/wp-json\/wp\/v2\/media\/90210"}],"wp:attachment":[{"href":"https:\/\/www.soleada.no\/es\/wp-json\/wp\/v2\/media?parent=90298"}],"wp:term":[{"taxonomy":"property_category","embeddable":true,"href":"https:\/\/www.soleada.no\/es\/wp-json\/wp\/v2\/property_category?post=90298"},{"taxonomy":"property_action_category","embeddable":true,"href":"https:\/\/www.soleada.no\/es\/wp-json\/wp\/v2\/property_action_category?post=90298"},{"taxonomy":"property_city","embeddable":true,"href":"https:\/\/www.soleada.no\/es\/wp-json\/wp\/v2\/property_city?post=90298"},{"taxonomy":"property_area","embeddable":true,"href":"https:\/\/www.soleada.no\/es\/wp-json\/wp\/v2\/property_area?post=90298"},{"taxonomy":"property_county_state","embeddable":true,"href":"https:\/\/www.soleada.no\/es\/wp-json\/wp\/v2\/property_county_state?post=90298"},{"taxonomy":"property_features","embeddable":true,"href":"https:\/\/www.soleada.no\/es\/wp-json\/wp\/v2\/property_features?post=90298"},{"taxonomy":"property_status","embeddable":true,"href":"https:\/\/www.soleada.no\/es\/wp-json\/wp\/v2\/property_status?post=90298"}],"curies":[{"name":"wp","href":"https:\/\/api.w.org\/{rel}","templated":true}]}}

Ático más nuevo con terraza en la azotea

<p>Moderno ático con azotea privada y plaza de garaje.  </p>
<p>El apartamento tiene una buena distribución diáfana entre la cocina y el salón y dos amplios dormitorios. El dormitorio principal tiene baño en suite. Desde el salón hay acceso directo a la terraza, donde también hay escaleras que suben a la azotea privada. El apartamento también dispone de aparcamiento privado en el garaje.  </p>
<p>El complejo dispone de una zona comunitaria cerrada con zonas verdes y piscina. Hay una buena selección de tiendas, restaurantes y bares cerca.  </p>

<p>Moderno ático con azotea privada y plaza de garaje. El apartamento tiene una buena distribución diáfana entre la cocina y el salón y dos amplios dormitorios. El dormitorio principal tiene baño en suite. Desde el salón hay acceso directo a la terraza, donde también hay escaleras que suben a la azotea privada. El apartamento también dispone de aparcamiento privado en el garaje. El complejo &#8230;</p>
